{"id":192,"date":"2010-03-09T11:27:23","date_gmt":"2010-03-09T10:27:23","guid":{"rendered":"http:\/\/www.hamborger-schietgaeng.de\/schietgaeng\/wordpress\/?page_id=192"},"modified":"2024-05-27T19:10:59","modified_gmt":"2024-05-27T17:10:59","slug":"hamborger-schietgang","status":"publish","type":"page","link":"https:\/\/hamborger-schietgaeng.de\/","title":{"rendered":"Hamborger Schietg\u00e4ng"},"content":{"rendered":"<address style=\"text-align: center;\">Wi s\u00fcnd de Hamborger Schietg\u00e4ng, nu h\u00f6r mol to.<br \/>\nWi singt Leeder, die kennt j\u00fc, ob Mann ob Fro.<br \/>\nSingt von&#8217;n Hamborger Hoben, von Scheepen und See,<br \/>\njo de Hamborger Schietg\u00e4ng in Luv und in Lee.<br \/>\nS\u00fcsst du de Hamborger Schietg\u00e4ng mol ob dien Kurs,<br \/>\nr\u00f6pt se nur Hummel, Hummel! Und du r\u00f6ps Mors, Mors.<\/address>\n<address style=\"text-align: center;\">Musik + Text: Holger Nowak<\/address>\n<p>Die Hamborger Schietg\u00e4ng singt und spielt Musik aus Hamburg und umrum, vom Meer und mehr und mehr wasserarmen Getr\u00e4nken.<\/p>\n<p>Wasser ist unser Thema. Jeder spielt und singt, wasser will, und keiner, wasser soll.<\/p>\n<p>Das aktuelle Programm &#8222;Maritimit\u00e4ten&#8220; wird laufend erweitert, sodass kein Konzert wie das andere ist. Aber: Jedes Konzert ist ein Ereignis! Aktuelle Auftritte, siehe <a href=\"\/?post_type=tribe_events\">TERMINE<\/a><\/p>\n<p>&nbsp;<\/p>\n<h2>Presse- und Volkes Stimmen<\/h2>\n<p><strong>Bergedorfer Zeitung 5.10.09 (Gregor Bator<\/strong>)<br \/>\n&#8222;Den \u201eKnaller\u201c des Abends lieferte die vom Liedermacher Jochen Wiegandt gegr\u00fcndete \u201eHamborger Schietg\u00e4ng\u201c. Eine fulminante Mischung aus Seemannsliedern, Hamburger Plattd\u00fc\u00fctsch, Flachwitz, genialem A-cappella-Gesang (Shantys) und Klamauk.&#8220;<\/p>\n<p><strong>Niendorfer Wochenblatt, 27.9.09 (Nicola Eisenschink)<\/strong><br \/>\n&#8222;\u2026Selten sind Shantys so witzig-urig, so humorvoll und mitrei\u00dfend-w\u00fcrzig vorgetragen worden. \u2026&#8220;<\/p>\n<p><strong>www.travem\u00fcnde-netz.de, August 2009 (bs.)<\/strong><br \/>\n&#8222;Hamborger Schietg\u00e4ng&#8220;, eine instrumental wie gesanglich tolle Truppe<\/p>\n<p><strong>Das Publikum:<\/strong><br \/>\n&#8222;Schietg\u00e4ng \u2013 igitt!&nbsp; Sch\u00f6ne Musik machen sie ja, aber nee, allein der Name!&#8220;<br \/>\n&#8222;Ihr seid so toll \u2013 warum macht ihr eigentlich keine Musikgruppe daraus?&#8220;<\/p>\n","protected":false},"excerpt":{"rendered":"<p>Wi s\u00fcnd de Hamborger Schietg\u00e4ng, nu h\u00f6r mol to. Wi singt Leeder, die kennt j\u00fc, ob Mann ob Fro. Singt von&#8217;n Hamborger Hoben, von Scheepen und See, jo de Hamborger &hellip; <\/p>\n<p class=\"link-more\"><a href=\"https:\/\/hamborger-schietgaeng.de\/\" class=\"more-link\"><span class=\"screen-reader-text\">\u201eHamborger Schietg\u00e4ng\u201c <\/span>weiterlesen<\/a><\/p>\n","protected":false},"author":2,"featured_media":0,"parent":0,"menu_order":0,"comment_status":"closed","ping_status":"closed","template":"","meta":{"ngg_post_thumbnail":0,"footnotes":""},"class_list":["post-192","page","type-page","status-publish","hentry"],"_links":{"self":[{"href":"https:\/\/hamborger-schietgaeng.de\/index.php?rest_route=\/wp\/v2\/pages\/192","targetHints":{"allow":["GET"]}}],"collection":[{"href":"https:\/\/hamborger-schietgaeng.de\/index.php?rest_route=\/wp\/v2\/pages"}],"about":[{"href":"https:\/\/hamborger-schietgaeng.de\/index.php?rest_route=\/wp\/v2\/types\/page"}],"author":[{"embeddable":true,"href":"https:\/\/hamborger-schietgaeng.de\/index.php?rest_route=\/wp\/v2\/users\/2"}],"replies":[{"embeddable":true,"href":"https:\/\/hamborger-schietgaeng.de\/index.php?rest_route=%2Fwp%2Fv2%2Fcomments&post=192"}],"version-history":[{"count":1,"href":"https:\/\/hamborger-schietgaeng.de\/index.php?rest_route=\/wp\/v2\/pages\/192\/revisions"}],"predecessor-version":[{"id":70172,"href":"https:\/\/hamborger-schietgaeng.de\/index.php?rest_route=\/wp\/v2\/pages\/192\/revisions\/70172"}],"wp:attachment":[{"href":"https:\/\/hamborger-schietgaeng.de\/index.php?rest_route=%2Fwp%2Fv2%2Fmedia&parent=192"}],"curies":[{"name":"wp","href":"https:\/\/api.w.org\/{rel}","templated":true}]}}